8*z + 2 + m. Let g(t) = 5*t**3 + t**2 - t - 1. Calculate g(z).
-4
Let z be -1*(1 - 8/2). Let b(v) = v - 5 - z*v + 4 + v**2. Suppose 106*k + 30 = 109*k + 4*t, 4 = -k + t. Give b(k).
-1
Let o(d) = -d**3 + 4*d**2 - d + 1. Let i(l) = 0*l**3 + 1 + 5*l**2 - l - l**3 - l + 0*l**2. Let b(s) = 3*i(s) - 4*o(s). Give b(-1).
-1
Let y(q) = 6*q**3 + 12*q**2 - 4*q + 10. Let m(v) = -v**3 - v**2 + v - 1. Let s(g) = 5*m(g) + y(g). What is s(-7)?
-2
Let j = -5 - 0. Let m(u) be the third derivative of u**7/1680 + u**6/240 - u**5/60 + 3*u**2. Let z(a) be the third derivative of m(a). What is z(j)?
-12
Let l(d) = -d**2 - 6*d - 5. Let t = -4 + 9. Let x(n) = n - 4. Let y be x(-6). Let f = y + t. Determine l(f).
0
Let u be (-3 - 6) + 10 - (-4 - 0). Let f(k) = 3*k - 5. What is f(u)?
10
Suppose -7*t = -3*t - 4. Let m be (-21)/14*(1 + t). Let z(g) be the first derivative of -5*g**2/2 + 2*g - 15. What is z(m)?
17
Suppose -7 = -2*b + l, -2*b - b + 3*l = -15. Let a(t) = 3*t**b - 5 - 4 - 4*t**2 + 6*t. Let w = 25 + -19. What is a(w)?
-9
Let j be (-19)/(-7) - ((-36)/(-42))/(-3). Let d(i) = -3*i**2 + i + 2. Let p(g) = 4*g**2 - 1. Let t(b) = j*d(b) + 4*p(b). Determine t(-2).
24
Let x(q) = -2*q**3 - q + 5*q**3 + q**3. Let j(s) = -9*s + 46. Let r be j(5). Give x(r).
3
Let g be 2/(-4) - 6/(-4). Let z be g + -2 - (-12)/2. Let a(f) = f**3 - 5*f**2 + 2*f + 1. Give a(z).
11
Suppose 57*h = -22 - 35. Let z(s) be the third derivative of s**5/15 + s**4/24 + s**3/6 + s**2. Calculate z(h).
4
Let o = 3 + -3. Suppose 0*r + 3*r - 9 = o. Let p(n) = 5*n**3 - 2*n**2 - 7*n + 3. Let w(q) = 3*q**3 - 5*q + 2. Let m(j) = -2*p(j) + 3*w(j). Determine m(r).
6
Let k(a) = -a**3 + 4*a**2 + 4*a. Let d be (-2*2/4)/1. Let o be 0 + (-3 - d) + -7. Let c = -4 - o. What is k(c)?
-5
Suppose 4*l + 2 = 2*h + l, 4*h = -5*l - 40. Let g(x) = -5*x**2 - 3*x + 4. Let u(s) = 6*s**2 + 2*s - 3. Let y(c) = h*g(c) - 4*u(c). Give y(-7).
-8
Suppose -5*q - 9 = -5*d - 2*q, -4*q - 12 = d. Let z(w) be the second derivative of -w**5/20 + w**4/12 + w**3/6 - 3*w**2/2 - 176*w. What is z(d)?
-3
Let x(r) = 70*r - 12. Let y(t) = 91*t - 16. Let c(l) = -9*x(l) + 7*y(l). What is c(6)?
38
Let f = -67 + 74. Suppose -3*h - 33 = -f*h + j, 2*h + 1 = -3*j. Let n(x) = -x**2 + 4*x + 3. Calculate n(h).
-18
Let p(d) = 13*d**2 - 6*d + 2. Let s(a) = -36*a**2 + 19*a - 6. Let c(v) = 11*p(v) + 4*s(v). Determine c(12).
-26
Let h(p) = -10*p - 6*p + 30*p - 8*p - 7*p - 1. Determine h(5).
-6
Let i(t) = -t**2 + 1. Let k(n) = 7*n**2 + 5*n - 10. Let v(l) = 6*i(l) + k(l). Let z be v(-5). Let d(r) = -r - 4. Calculate d(z).
0
Let v = 85 + -87. Let a(b) = -b**3 + b**2 + 1. Let n(m) = -36*m**3 + 33*m**2 + 33. Let g(x) = v*n(x) + 66*a(x). Calculate g(-1).
-6
Let g(l) be the first derivative of -4*l + 1/3*l**3 - 7/2*l**2 - 18. Calculate g(6).
-10
Let k(m) = 3*m**2 + 5*m + 7. Let d(c) = -7*c**2 - 10*c - 15. Let a(h) = 2*d(h) + 5*k(h). Suppose -4*i = 9 + 7. Let y be a(i). Let f(s) = 11*s - 1. What is f(y)?
10
Let b = -67 - -76. Let g(r) = -3*r**2 + 2*r - b*r + 6 + 2*r**2. Calculate g(-6).
12
Let l(i) = -i - 4. Let r(p) = -3*p - 20. Let y be r(-7). Let b be (-14)/(y + -2 - -3). Let d = b + 5. Determine l(d).
-2
Let d(u) = -7*u**3 - 9 + 7*u + 2 + 17*u**3 + 5*u**2 - 11*u**3. What is d(6)?
-1
Let t be ((-4)/6)/((-2)/(-12)). Let l(c) = 9*c - 402. Let j(y) = -13*y + 590. Let u(m) = -15*j(m) - 22*l(m). What is u(t)?
6
Suppose -4*l + 26 = -6. Let g(y) = -1 - 2*y + 5*y - l*y - y**3 + 6*y**2 - y**2. Calculate g(4).
-5
Let u(b) = -4*b. Let z(t) = -t**3 + 13*t**2 + 24*t + 94. Let s be z(15). Calculate u(s).
-16
Let q(z) = z**3 - 7*z**2 - 5. Let m(j) = j**3 + 15*j - 1 - 18 - 2*j**2 - 12*j**2. Let u be m(13). Calculate q(u).
-5
Let z(w) be the first derivative of -1/2*w**2 - 6 + 2*w - 1/4*w**4 - 4/3*w**3. What is z(-3)?
-4
Let i(w) = -8 - 2*w + 35 - 10 + 10. What is i(18)?
-9
Let n(c) be the first derivative of c**4/4 - 2*c**3 - c**2/2 + 4*c - 25. Let b be ((-18)/15)/((-9)/30). Let k be (-14)/b*96/(-56). Calculate n(k).
-2
Let o(a) be the first derivative of -a**4/4 - 3*a**3 + 11*a**2/2 + 14*a - 278. Calculate o(-10).
4
Suppose 9 = i + 5*m + 32, -3*m = 12. Let a(t) = -5809*t**2 - 7*t + 5810*t**2 + 3*t - 4. What is a(i)?
17
Let g(n) = 2*n**2 - 46. Let s be g(-5). Let k(c) be the second derivative of 1/6*c**s - 1/2*c**2 + 0 - 9*c + 0*c**3. Give k(2).
7
Let u be 33/6 - (-4)/8. Suppose 3*v = u + 6. Let i(n) = 5*n + 0*n - v*n - 1. Calculate i(4).
3
Suppose 2*n = 2*h + 244, -3*h - 3*n = -8*n + 374. Let g = 113 + h. Let z(j) be the second derivative of -j**3/6 + 3*j**2/2 - j. What is z(g)?
8
Let r(d) = -6*d + 4 + 2 - 4 + 0*d**3 + d**3 + 4 - 4*d**2. Let q be 2/(-7) - 23/(-7). Suppose q*w + 5*k - 3*k = 19, 3*w - 4*k = 7. What is r(w)?
1
Let f = 3329 - 3334. Suppose -2*z = z + 5*g + 6, g + 12 = 3*z. Let u(d) = 4*d - 3*d**z - 3 + 0*d**3 + 2*d**3 - 4*d**2. What is u(f)?
2
Let d(z) = -12 + 5*z + 21 - 3*z**2 - 8*z - 10 + 2*z**2. Give d(-2).
1
Suppose -g = -4*r + 5 - 1, r - 4*g - 1 = 0. Suppose -6*p + r = 7. Let h(i) = -2*i**2 - i - 1. Calculate h(p).
-2
Let r(h) = -55*h - 51*h + 98*h. Determine r(-1).
8
Let o(v) be the first derivative of v**6/120 + v**5/12 - v**4/12 + v**3/6 - 5*v**2 - 1. Let y(l) be the second derivative of o(l). What is y(-5)?
11
Let i(y) = y - 5. Let w be (-4)/(-24) - -2*35/12. What is i(w)?
1
Let x(w) = -w. Suppose -2*m - 3*b = -19, 0 = -m + 4*b - 10 + 3. Let p(j) = j**2 - 5*j + 3. Let i be p(m). Suppose -5 = 2*o + i*o. Determine x(o).
1
Let r(k) = k**2 + k. Let h(i) = 2*i**2 - 7*i - 8. Let t(n) = h(n) - 5*r(n). Give t(-4).
-8
Let d(a) = -2*a - 4 - a**3 + 0*a**3 + 3*a + a**2. Let z be d(3). Let g = z - -12. Let p(x) = x + 4. Calculate p(g).
-3
Let i(g) be the second derivative of 13*g**5/60 + g**4/24 - g**3/6 + g**2/2 + 4*g + 2. Let y(o) be the first derivative of i(o). Calculate y(1).
13
Let b(w) = 10*w + 1. Let n be ((-1)/(-1))/(2 - (-4 - -7)). Determine b(n).
-9
Let z(o) = -10*o + 1. Let v(r) = -2*r - 4. Let s be v(-12). Let n be 1/(-4) + s/16. Give z(n).
-9
Suppose 0 = -3*m - 3*s + 9, 5*s + 0*s = -4*m + 11. Suppose m*k + 22 - 10 = 0. Let b(n) = -3*n**2 - 2*n + 2. Give b(k).
-19
Let z(s) = s**3 + 4*s**2 + s - 1. Let u(v) = 4*v - 5. Let n(k) = k + 10. Let b be n(-12). Let p be u(b). Let g = 9 + p. What is z(g)?
-5
Suppose 2*m + 5*d + 24 = 0, 0 = 3*d + 8 - 2. Let o(p) = -p - 7. What is o(m)?
0
Let k(x) = -5*x**3 - x + 626 + 622 - 4*x**2 - 1246. Determine k(-2).
28
Suppose -2*h - 12 = -0*p + 2*p, 4*p - 39 = 5*h. Let k(m) be the third derivative of -m**5/60 - m**4/4 + m**3 - 67*m**2 - 3. Determine k(h).
-1
Let f(o) be the first derivative of -o**4/12 + 7*o**3/6 - 2*o**2 - 9*o - 8. Let q(d) be the first derivative of f(d). Calculate q(7).
-4
Let w(k) = -10*k - 80. Let h be w(-8). Let s(q) = -q + 15. Give s(h).
15
Suppose -5*z + 14 = 2*a - 9*z, -2*z = -3*a + 17. Let s(f) = f**3 - f. Let o(y) = -4*y**3 + 5*y**2 + 2*y + 7. Let m(t) = -o(t) - 3*s(t). Determine m(a).
-2
Let p(y) be the first derivative of -4*y - 4/3*y**3 + 14 - 1/4*y**4 + 0*y**2. Calculate p(-4).
-4
Let i = -330 + 326. Let v(n) = -2*n + 6. Suppose -1 = -2*f - 15. Let s(u) = 5*u - 13. Let g(p) = f*v(p) - 3*s(p). Calculate g(i).
1
Suppose 10*i - 12 = 12*i. Let z be (-1 - 0)/(i/(-42)). Let y(r) = r**3 + 8*r**2 + 6*r + 1. What is y(z)?
8
Let g(y) = 3 - 33*y + 5*y + 20*y. Calculate g(6).
-45
Let c(s) = s**2 + 9*s + 8. Suppose 11 = -3*o - 10. What is c(o)?
-6
Let u be (-183)/(-30) - ((-55)/(-50))/11. Let a(w) = w**3 - 6*w**2 - w - 7. Give a(u).
-13
Let w(l) = -4*l**2 - 3*l - 2. Let r(u) = 7*u**2 + 8*u + 5. Let d(m) = -2*r(m) - 5*w(m). What is d(2)?
22
Let g(v) = -v**3 + 8*v**2 - 5*v - 8. Suppose -4*h = 8*h - 96. Give g(h).
-48
Let r(l) = -4 - 3*l**2 + 4*l**2 + 4*l - 1 + 5*l**2 + l**3. Suppose -20*m + 32*m + 60 = 0. Determine r(m).
0
Let s(y) = -2*y**3 + 4*y**2 - y - 8. Let d(p) = 3*p**3 - 9*p**2 + 2*p + 17. Let a(c) = -3*d(c) - 5*s(c). Give a(-7).
-4
Let b be 4 - (-2 + 5 + -4). Let l(v) be the second derivative of -v**3/3 + 3*v**2/2 + 15*v. What is l(b)?
-7
Let p(f) = -3*f**3 + 2*f**3 + 141*f - 10*f**2 - 1 - 138*f + 5*f**2. What is p(-6)?
17
Let m(f) = -2*f - 5. Let u(g) = -g - 1. Let i(t) = -m(t) + 4*u(t). What is i(3)?
-5
Let j(w) = 2*w**2 + w + 1. Let q(n) = -13*n**2 - 12*n - 11. Let l(t) = 6*j(t) + q(t). Suppose -o = -